{"id":2842,"date":"2015-03-06T10:09:28","date_gmt":"2015-03-06T10:09:28","guid":{"rendered":"http:\/\/kasvutaito.fi\/?page_id=2842"},"modified":"2024-11-22T13:28:09","modified_gmt":"2024-11-22T11:28:09","slug":"temppi-mallit","status":"publish","type":"page","link":"http:\/\/kasvutaito.fi\/?page_id=2842","title":{"rendered":"TEMPPI Mallit"},"content":{"rendered":"\n<h2 class=\"wp-block-heading\">perinteiset: TEMPpi-150, -200, -250 ja -300 (cm)  <\/h2>\n\n\n\n\n\n<h2 class=\"wp-block-heading\">langattomasti nettiin liittyv\u00e4: ioTEMPpi-200<\/h2>\n\n\n\n<p><\/p>\n\n\n\n<div data-wp-interactive=\"core\/file\" class=\"wp-block-file\"><object data-wp-bind--hidden=\"!state.hasPdfPreview\" hidden class=\"wp-block-file__embed\" data=\"http:\/\/kasvutaito.fi\/wp-content\/uploads\/2024\/01\/TEMPPI-Lampomittari.pdf\" type=\"application\/pdf\" style=\"width:100%;height:600px\" aria-label=\"Tiedoston TEMPPI-Lampomittari upotus.\"><\/object><a id=\"wp-block-file--media-a6168e0c-a743-4616-8eef-8aa4cac57f93\" href=\"http:\/\/kasvutaito.fi\/wp-content\/uploads\/2024\/01\/TEMPPI-Lampomittari.pdf\">TEMPPI-Lampomittari<\/a><a href=\"http:\/\/kasvutaito.fi\/wp-content\/uploads\/2024\/01\/TEMPPI-Lampomittari.pdf\" class=\"wp-block-file__button wp-element-button\" download aria-describedby=\"wp-block-file--media-a6168e0c-a743-4616-8eef-8aa4cac57f93\">Lataa<\/a><\/div>\n\n\n\n<p><strong>KASVUTURPEEN L\u00c4MPENEMISEN HALLINTA<\/strong><\/p>\n\n\n\n<figure class=\"wp-block-image\"><img loading=\"lazy\" decoding=\"async\" width=\"167\" height=\"300\" src=\"http:\/\/kasvutaito.fi\/wp-content\/uploads\/2015\/03\/2013-03-26-695_1-167x300.jpeg\" alt=\"2013-03-26-695_1\" class=\"wp-image-2846\" srcset=\"http:\/\/kasvutaito.fi\/wp-content\/uploads\/2015\/03\/2013-03-26-695_1-167x300.jpeg 167w, http:\/\/kasvutaito.fi\/wp-content\/uploads\/2015\/03\/2013-03-26-695_1.jpeg 356w\" sizes=\"auto, (max-width: 167px) 100vw, 167px\" \/><\/figure>\n\n\n\n<p><strong>Turpeen l\u00e4mpeneminen nostoaumassa on luonnollinen ilmi\u00f6.! Kasvuturvetta jalostettaessa l\u00e4mpenemisest\u00e4 on p\u00e4\u00e4st\u00e4v\u00e4 eroon, sill\u00e4 l\u00e4mpenemisest\u00e4 aiheutuu aina riski kasvuturvetuotteen laadun heikkenemiselle. K\u00e4yt\u00e4nn\u00f6n toimenpiteet l\u00e4mpenemist\u00e4 vastaan turvesuolla ovat yhdistelm\u00e4 ilmi\u00f6n teoriaa, omakohtaisia kokemuksia sek\u00e4 jatkuvaa tarkkailua.<\/strong><\/p>\n\n\n\n<p>l\u00e4mpenemisen taustaa<\/p>\n\n\n\n<p>mik\u00e4 edist\u00e4\u00e4<\/p>\n\n\n\n<p>mik\u00e4 on l\u00e4mmennyt turve<\/p>\n\n\n\n<p>miten estet\u00e4\u00e4n<\/p>\n\n\n\n<p>mittausvinkkej\u00e4<\/p>\n\n\n\n<p>Syksyll\u00e4 l\u00e4mpenee ?<\/p>\n\n\n\n<figure class=\"wp-block-image\"><img loading=\"lazy\" decoding=\"async\" width=\"300\" height=\"169\" src=\"http:\/\/kasvutaito.fi\/wp-content\/uploads\/2015\/03\/16092011474-300x169.jpeg\" alt=\"16092011474\" class=\"wp-image-2845\" srcset=\"http:\/\/kasvutaito.fi\/wp-content\/uploads\/2015\/03\/16092011474-300x169.jpeg 300w, http:\/\/kasvutaito.fi\/wp-content\/uploads\/2015\/03\/16092011474-460x260.jpeg 460w, http:\/\/kasvutaito.fi\/wp-content\/uploads\/2015\/03\/16092011474.jpeg 640w\" sizes=\"auto, (max-width: 300px) 100vw, 300px\" \/><\/figure>\n\n\n\n<p>Turve orgaanisena aineena hajoaa hiljaa kaikissa olosuhteissa ja luovuttaa samalla l\u00e4mp\u00f6\u00e4. Jos olosuhteet ovat edulliset (happea, ravinteita, kosteutta, riitt\u00e4v\u00e4 alkul\u00e4mp\u00f6tila), tapahtuu hajoaminen niin nopeasti, ett\u00e4 syntyv\u00e4 l\u00e4mp\u00f6 ehdi haihtumaan ymp\u00e4rist\u00f6\u00f6n. N\u00e4in turpeen l\u00e4mp\u00f6tila alkaa nousta ja ilmi\u00f6 kiihdytt\u00e4\u00e4 itse itse\u00e4\u00e4n. Alle 30 asteessa ilmi\u00f6 on kiihkeimmill\u00e4\u00e4n ja muutamassa viikossa l\u00e4mp\u00f6tila voi nousta jo 60 asteeseen.<\/p>\n\n\n\n<p>Kes\u00e4ll\u00e4 auringon l\u00e4mp\u00f6 varastoituu turpeeseen korkeana alkul\u00e4mp\u00f6n\u00e4, jonka johdosta l\u00e4mpenemisongelma on suurin syksyll\u00e4<\/p>\n","protected":false},"excerpt":{"rendered":"<p>perinteiset: TEMPpi-150, -200, -250 ja -300 (cm) langattomasti nettiin liittyv\u00e4: ioTEMPpi-200 KASVUTURPEEN L\u00c4MPENEMISEN HALLINTA Turpeen l\u00e4mpeneminen nostoaumassa on luonnollinen ilmi\u00f6.! Kasvuturvetta jalostettaessa l\u00e4mpenemisest\u00e4 on p\u00e4\u00e4st\u00e4v\u00e4 eroon, sill\u00e4 l\u00e4mpenemisest\u00e4 aiheutuu aina riski kasvuturvetuotteen laadun heikkenemiselle. K\u00e4yt\u00e4nn\u00f6n toimenpiteet l\u00e4mpenemist\u00e4 vastaan turvesuolla ovat yhdistelm\u00e4 ilmi\u00f6n teoriaa, omakohtaisia kokemuksia sek\u00e4 jatkuvaa tarkkailua. l\u00e4mpenemisen taustaa mik\u00e4 edist\u00e4\u00e4 mik\u00e4 on l\u00e4mmennyt turve miten estet\u00e4\u00e4n mittausvinkkej\u00e4 Syksyll\u00e4 l\u00e4mpenee ? Turve orgaanisena aineena hajoaa hiljaa kaikissa olosuhteissa ja luovuttaa samalla l\u00e4mp\u00f6\u00e4. Jos olosuhteet ovat edulliset (happea, ravinteita, kosteutta, riitt\u00e4v\u00e4 alkul\u00e4mp\u00f6tila), tapahtuu hajoaminen niin nopeasti, ett\u00e4 syntyv\u00e4 l\u00e4mp\u00f6 ehdi haihtumaan ymp\u00e4rist\u00f6\u00f6n. N\u00e4in turpeen l\u00e4mp\u00f6tila alkaa nousta ja ilmi\u00f6 kiihdytt\u00e4\u00e4 itse itse\u00e4\u00e4n. Alle 30 asteessa ilmi\u00f6 on kiihkeimmill\u00e4\u00e4n ja muutamassa viikossa l\u00e4mp\u00f6tila voi nousta jo 60 asteeseen. Kes\u00e4ll\u00e4 auringon l\u00e4mp\u00f6 varastoituu turpeeseen korkeana alkul\u00e4mp\u00f6n\u00e4, jonka johdosta l\u00e4mpenemisongelma on suurin syksyll\u00e4<\/p>\n","protected":false},"author":2,"featured_media":0,"parent":0,"menu_order":0,"comment_status":"open","ping_status":"open","template":"","meta":{"footnotes":""},"class_list":["post-2842","page","type-page","status-publish","hentry"],"_links":{"self":[{"href":"http:\/\/kasvutaito.fi\/index.php?rest_route=\/wp\/v2\/pages\/2842","targetHints":{"allow":["GET"]}}],"collection":[{"href":"http:\/\/kasvutaito.fi\/index.php?rest_route=\/wp\/v2\/pages"}],"about":[{"href":"http:\/\/kasvutaito.fi\/index.php?rest_route=\/wp\/v2\/types\/page"}],"author":[{"embeddable":true,"href":"http:\/\/kasvutaito.fi\/index.php?rest_route=\/wp\/v2\/users\/2"}],"replies":[{"embeddable":true,"href":"http:\/\/kasvutaito.fi\/index.php?rest_route=%2Fwp%2Fv2%2Fcomments&post=2842"}],"version-history":[{"count":10,"href":"http:\/\/kasvutaito.fi\/index.php?rest_route=\/wp\/v2\/pages\/2842\/revisions"}],"predecessor-version":[{"id":2964,"href":"http:\/\/kasvutaito.fi\/index.php?rest_route=\/wp\/v2\/pages\/2842\/revisions\/2964"}],"wp:attachment":[{"href":"http:\/\/kasvutaito.fi\/index.php?rest_route=%2Fwp%2Fv2%2Fmedia&parent=2842"}],"curies":[{"name":"wp","href":"https:\/\/api.w.org\/{rel}","templated":true}]}}